 15. Suppose -7*c = 2*a - p*c - z, 20 = -4*c. Is a a multiple of 20?
True
Is (52*(-217)/(-70))/((-6)/(-15)) a multiple of 19?
False
Is 41 a factor of 0 + (977 - (-7)/(-7))?
False
Let i = -2 - -12. Suppose 6*u = 4*u + i. Suppose 10 = -4*k + u*k. Is k a multiple of 3?
False
Let m(d) = 17*d - 3. Let h(n) = -3*n + 28. Let u be h(9). Does 6 divide m(u)?
False
Let g = 40 + -34. Does 22 divide 440/(-30)*g/(-2)?
True
Suppose -89*o - 7569 = -92*o - h, -o - 2*h = -2523. Is 14 a factor of o?
False
Let g(c) = -2*c + 9 - 9 + 1. Is g(-6) a multiple of 4?
False
Let l(a) = -2*a**3 + 2*a**2 + 13*a + 27. Does 45 divide l(-7)?
True
Let b be ((-9)/12)/(4/(-96)). Suppose p - b - 2 = 0. Does 8 divide p?
False
Let l(a) = -a + 3. Let n be l(3). Suppose n*k = k - 24. Does 3 divide k/(-60) - (-54)/10?
False
Suppose -2*j = -3*k - 428, 13*j + 219 = 14*j + k. Is 3 a factor of j?
False
Suppose 9*p - 5*p - 1112 = 0. Let l = p + -162. Does 18 divide l?
False
Let o(b) = 2*b**3 - 14*b**2 + 66*b - 14. Is o(5) a multiple of 8?
True
Suppose 5*t + 14*t = 304. Does 8 divide t?
True
Suppose 0 = 3*q - 4*q - 156. Let b = q + 383. Is 12 a factor of b?
False
Let s be (-2)/(3/18*2). Let o(m) = 3*m**2 - 10. Is o(s) a multiple of 12?
False
Let a = -22 - -37. Let c be 3*(-5)/(a/(-38)). Suppose -c = -3*o + o - 2*z, 2*z = 5*o - 130. Is 17 a factor of o?
False
Let q = -24 + -26. Let u = -17 - q. Does 9 divide u?
False
Suppose -2439 = -a - 35*w + 32*w, 3*a = -5*w + 7333. Is a a multiple of 43?
True
Suppose -v - 903 = -p, -5*p + 3*v + 4499 = 6*v. Is 39 a factor of p?
False
Let j(n) = 2*n**2 - 4*n + 1. Let b be j(3). Suppose b*g = 6*g + 3. Suppose g*l = 19 + 20. Is 3 a factor of l?
False
Let c be (-388)/10 + 2/(-10). Suppose 0 = -d + 2*i + 127, -5*d + i + 3*i = -605. Let k = c + d. Is 23 a factor of k?
False
Let b(d) = -21*d - 10. Let s be b(-4). Let i = s - 49. Let g = 35 - i. Does 4 divide g?
False
Let s(i) = 0*i + 16 - 3*i**2 - i + i**2 + 3*i**2. Suppose 5*b = 4*a - 1 - 14, 5*a = -4*b - 12. Does 16 divide s(a)?
True
Let l(g) = 106*g**2 + 7*g - 18. Is l(2) a multiple of 32?
False
Suppose 1007 + 28 = 3*d. Does 23 divide d?
True
Does 9 divide 14 + 366 + (1 - 3)?
True
Let c(d) = -22*d - 17. Let s be c(-6). Let r = 231 - s. Is r a multiple of 27?
False
Let i = -8 + 6. Does 32 divide 95 - (-2 + (i - -3))?
True
Let s be (-5535)/18*(-2)/3. Let v = -97 + s. Is 9 a factor of v?
True
Let f = 340 - 25. Is 12/(-7)*f/(-18) a multiple of 15?
True
Let q be -1 - (-2)/(-4)*-2. Let a(r) = -r**3 + 11*r**2 - 3*r - 3. Let t be a(5). Suppose q*o + 4*o = t. Does 12 divide o?
False
Let n be (-104)/39*(5/2 - 1). Does 5 divide n/(-5)*(900/8)/9?
True
Suppose 84 = -z + 3*w, 2*z - 285 = 6*z + 5*w. Let g = z + 131. Let d = -22 + g. Is 17 a factor of d?
True
Suppose -4*d = 3*k - 142, -172 = -5*k - 5*d + 73. Does 2 divide k?
True
Let a be (-21 - 3)/(5/(-100)). Suppose 300 = 2*h + 3*i, -4*h + 7*h - a = 3*i. Is h a multiple of 13?
True
Let p(b) = b**3 + 12*b**2 - 14*b - 6. Let n be p(-13). Suppose 0 = -2*i + 4. Let h = n + i. Is 8 a factor of h?
False
Suppose 4*t - c + 20 - 98 = 0, t - 3*c = 14. Suppose 0 = -3*d - t + 44. Is 8 a factor of d?
True
Let j = 344 - 128. Is 8 a factor of j?
True
Let l(h) = -22*h - 39. Let p be (-30)/40 - 50/8. Is l(p) a multiple of 13?
False
Let r = 28 - 24. Suppose -r*m = -m - 84. Is m a multiple of 9?
False
Let b(j) = 71*j + 6. Does 14 divide b(2)?
False
Let l = 17 - 13. Suppose l*v = -4*v + 720. Is v a multiple of 15?
True
Let u(j) = 102*j**2 - 26*j + 17. Does 35 divide u(-4)?
False
Suppose -3*q - 1368 = 5*s, -4*q + 848 = -3*s + 4. Does 14 divide (s/9 - 2)*(-7 - -4)?
True
Suppose 3*b + 953 = 5*p, -2*b + 238 = p + 50. Let h be (3 + 10/(-4))*p. Suppose -2*v + 63 = -3*k, -5*v + h = k - 54. Does 10 divide v?
True
Suppose 1710 = 3*c - 2*a - 844, -4*c + 3406 = -3*a. Is c a multiple of 10?
True
Let v(k) = -67*k - 67. Is v(-4) a multiple of 67?
True
Suppose -7105 = -23*s + 5016. Does 27 divide s?
False
Suppose -s + 0*s = 3, -10 = q + 2*s. Let v be (5 - 4) + -1 + 42. Is 21 a factor of v*2/(q - -6)?
True
Let j be (-5)/(-10)*1*6. Suppose 0 = 5*c + w - 270, -4*w + 162 = j*c - 9*w. Is 7 a factor of c/4 - (-8)/(-16)?
False
Let m(n) be the first derivative of 21*n**3 - 2*n**2 + 6*n - 4. Is m(2) a multiple of 18?
False
Let x(i) = -135*i + 423. Is x(-3) a multiple of 4?
True
Let v(p) = -7*p - 1. Let s(t) = -t - 18. Let b be s(-8). Does 14 divide v(b)?
False
Let a(z) = -7*z**3 + 5*z**2 + 6*z - 8. Is 13 a factor of a(-3)?
True
Let y = -370 - -1431. Is 12 a factor of y?
False
Does 11 divide (-3 + 105/6)/((-6)/(-132))?
True
Let u(g) = 246*g - 159. Does 4 divide u(6)?
False
Let t(i) be the first derivative of -i**3/3 - 19*i**2/2 - 16*i - 8. Is 18 a factor of t(-8)?
True
Suppose -6*m = -8*m + 3*u + 756, -m + 5*u = -378. Is m a multiple of 63?
True
Suppose 3*j + 146 = -5*z, -3*j - 5*z = 2*j + 230. Let t = -40 - j. Suppose -v - 186 = -2*p + 36, t = -v. Is 31 a factor of p?
False
Let c = -155 - -339. Suppose 4*f + 3*p - 200 = 0, 5*f - 3*p = c + 66. Is f a multiple of 5?
True
Is 10 a factor of -23429*66/(-847) + (-8)/(-22)?
False
Suppose 4*j = 4*g + 828, 4*g = 4*j - 3*j - 198. Is 30 a factor of j?
True
Suppose -147 = -b - i, -80 - 679 = -5*b + 3*i. Is b a multiple of 11?
False
Let l(k) = 5*k**2 + 8*k + 3. Is 12 a factor of l(-11)?
False
Suppose b + 2*x = 3*x + 22, -3*x = -5*b + 104. Let v = b + -15. Suppose -8*z + 72 = -v*z. Is 8 a factor of z?
False
Let w be 592/24 + (-1)/(-3). Suppose 5*a - w = 0, 58 = 2*n - 5*a + 3*a. Is n a multiple of 34?
True
Suppose -3*r + 7*r - 20244 = 0. Is r a multiple of 14?
False
Let q(y) = y**3 + 12*y**2 - 5*y + 3. Suppose -18*t - 60 = -13*t. Is q(t) a multiple of 21?
True
Suppose -5*c = -2*t - 5 + 13, -4*c - 16 = -4*t. Suppose 12 = t*l - l. Is (1 - l)*3/(-1) a multiple of 9?
True
Suppose -i + 3*p - 5 = 0, 3*p + 1 = 2*p. Does 2 divide (-3 - -18) + (-5)/((-20)/i)?
False
Let o(y) = -y**3 + 11*y**2 + 17*y - 30. Suppose 60 = 6*u - 2*u - 4*k, -4*k = 12. Is o(u) a multiple of 9?
False
Let b = -286 + 615. Is 47 a factor of b?
True
Suppose -2649 - 3147 = -23*t. Is 28 a factor of t?
True
Let a be (10 - (0 - 4))*1. Suppose 0 = 2*l - 9*l - a. Is 17 a factor of -2 + 1 + l + 87?
False
Let k(x) = 6*x**3 - 8*x**2 - 2*x + 1. Suppose 0 = g - 2 - 5. Let v(a) = 6*a**3 - 7*a**2 - 2*a + 1. Let d(w) = g*v(w) - 6*k(w). Is d(2) a multiple of 15?
False
Let l(y) = 4*y**2 + y - 2. Let b be l(1). Suppose -b*v = v. Is -22*(1 - 3) + v a multiple of 11?
True
Let o(u) be the first derivative of 5*u**2/2 + 6*u - 8. Let b be o(5). Suppose 2*m + b = 5*t - 2*t, 5*t - 58 = -3*m. Does 4 divide t?
False
Suppose -3*r + r + 360 = 0. Suppose 18*f - 22*f = -r. Is 15 a factor of f?
True
Suppose d = -0*d + 24. Suppose -256 - d = -8*p. Is p a multiple of 7?
True
Suppose -2*p = -m - 2*m + 2, 5*m + 4*p - 18 = 0. Let v be 958/18 - (-2)/(-9). Suppose -m*t + v = -29. Does 11 divide t?
False
Suppose 0*d + 2*d = -y + 2184, -2*d = 4*y - 8718. Does 33 divide y?
True
Suppose 0 = -3*d - 5*j + 8, 0 = 5*d - 3*j - 2. Is d - (2 - 85 - 1) a multiple of 17?
True
Suppose 4*d + 1 = -u + 17, -5*u - 5*d = -20. Is -2 + 0 - (u - 4 - 1) a multiple of 3?
True
Let j be 4 - (-2 - 24/4). Suppose -j*k + 356 + 292 = 0. Is 9 a factor of k?
True
Let s be (6 - 228/16) + (-3)/4. Let p(z) = -21*z + 6. Does 40 divide p(s)?
False
Let r be ((-134)/4)/(34/(-8) - -4). Let p = r + -90. Does 16 divide p?
False
Suppose -75*z - 1872 = -81*z. Does 12 divide z?
True
Let o = 780 - 420. Does 18 divide o?
True
Suppose 24*a = 25*a - 37. Let v = a + 175. Does 29 divide v?
False
Suppose 4*s + 7 = 3*r, r + 3*s + 21 = -2*r. Let p(l) = 2*l**2 - 3*l - 4. Is 8 a factor of p(r)?
False
Let b = 16 + -14. Suppose b*n = 3*n + 3*a - 6, 56 = 2*n - 5*a. Suppose d = -j + n, 110 = 5*d - 4*j + 5*j. Is 9 a factor of d?
False
Let t(j) = -j**3 + 2*j**2 + 5*j + 6. Let u = 4 + -7. Is 18 a factor of t(u)?
True
Let b(x) = 2*x**2 + 60*x - 15. Is b(15) a multiple of 11?
False
Let n(h) = -h**2 - 4*h + 5. Let k = -8 + 2. Let z be n(k). Let y = 88 + z. Is y a multiple of 24?
False
Let o = -52 + 93. Let x be (2 + -1)*-31 - 0. Let f = o - x. Is 24 a factor of f?
True
Is (-17412)/(-32) + 5/(-40) a multiple of 32?
True
Let o be (3 - (-28)/(-8))*-4. Suppose 0 = 4*g - 3*z - 1351, 5*g + o*z = g + 1366. Is 7 a factor of 